
Let p(f) = 10*f - 135. What is p(14)?
5
Let c(l) = l**3 - 14*l**2 + 34*l - 8. What is c(11)?
3
Let f(g) = -g**2 + 18*g - 28. What is f(14)?
28
Let m(x) = -2*x**2 - x + 5. Calculate m(3).
-16
Let g(k) = -k**2 - 17*k + 305. Calculate g(11).
-3
Let b(g) = g**3 + 21*g**2 + 21*g + 19. Calculate b(-20).
-1
Let t(i) = -6*i + 16. Determine t(-18).
124
Let d(y) = y**2 - 5*y + 2. Give d(3).
-4
Let h(b) = -b**2 + 2*b + 1. Determine h(2).
1
Let s(l) = -4*l**2 - l. Calculate s(-1).
-3
Let w(j) = j**3 - 2*j**2 - 99*j - 6. Calculate w(-9).
-6
Let u(x) = 2*x**2 - 2. Give u(3).
16
Let i(x) = -2*x**2 - 10*x + 4. Determine i(-6).
-8
Let t(z) = z**2 + 20*z + 5. What is t(-15)?
-70
Let g(s) = s**2 + 21*s - 3. Calculate g(-20).
-23
Let y(w) = -w + 9. What is y(7)?
2
Let k(g) = -21*g**2 + 1. Give k(1).
-20
Let i(v) = 5*v - 19. Calculate i(3).
-4
Let h(v) = -v**3 + v - 13. Calculate h(0).
-13
Let g(l) = 5*l + 12. Calculate g(-6).
-18
Let l(u) = u**3 - 17*u**2 - 20*u + 32. Give l(18).
-4
Let d(i) = -i + 15. What is d(-13)?
28
Let n(p) = 16*p**2 - 3*p - 2. What is n(-1)?
17
Let r(j) = -j**3 - 17*j**2 - 24*j + 19. Determine r(-15).
-71
Let u(w) = -2*w**3 + 58*w**2 + 61*w - 34. What is u(30)?
-4
Let o(y) = 3*y - 18. Determine o(7).
3
Let q(z) = z**3 - 10*z**2 - 3*z + 3. Calculate q(4).
-105
Let q(a) = 2*a**2 - 11*a + 2. Give q(5).
-3
Let a(c) = 6*c**3 - 4*c - 5. Calculate a(-2).
-45
Let v(b) = b**3 + 3*b**2 - b - 3. Give v(-2).
3
Let l(v) = -v**2 + 12*v - 16. What is l(7)?
19
Let d(s) = s**2 - 13*s + 24. Determine d(10).
-6
Let n(v) = -v**3 - 23*v**2 + 50*v - 5. Calculate n(-25).
-5
Let b(g) = -7*g**2 - 98*g + 3. Give b(-14).
3
Let b(v) = -v**2 - v - 46. Give b(0).
-46
Let o(d) = 2*d**2 - 30*d + 10. Calculate o(13).
-42
Let f(c) = 2*c**3 + 5*c**2 + 7*c - 2. What is f(-2)?
-12
Let y(k) = 3*k - 29. Calculate y(7).
-8
Let f(k) = -7*k**2 - k - 1. Give f(-3).
-61
Let o(u) = u**2 - 13*u + 2. Determine o(13).
2
Let f(w) = -10*w + 11. What is f(-7)?
81
Let d(j) = -2*j**3 + 3*j + 2. What is d(-2)?
12
Let k(i) = -i**2 - 21*i - 66. Give k(-4).
2
Let q(t) = t - 10. Determine q(-22).
-32
Let z(k) = -6*k + 4. Give z(-3).
22
Let a(l) = 2*l**2 + 11*l - 7. Calculate a(-7).
14
Let c(z) = z**2 - 13*z + 1. What is c(13)?
1
Let z(o) = -o**3 - 30*o**2 + 2*o + 66. Determine z(-30).
6
Let d(a) = -6*a - 6. Calculate d(-2).
6
Let h(i) = 15*i - 1. Give h(-1).
-16
Let y(a) = a + 7. Calculate y(0).
7
Let y(n) = n**2 - 7*n + 14. Determine y(6).
8
Let u(i) = -i**2 + i - 1. What is u(3)?
-7
Let m(t) = t**2 - 2*t. Determine m(-2).
8
Let t(h) = -17*h + 26. Determine t(9).
-127
Let n(c) = -c**3 + 8*c**2 - 7*c + 5. Calculate n(7).
5
Let o(x) = -2*x**2 + 24*x - 23. What is o(11)?
-1
Let j(w) = w**3 - 7*w**2 + 6*w + 8. Calculate j(6).
8
Let r(w) = -6*w - 4. Determine r(3).
-22
Let x(f) = -2*f**3 - 4*f**2 - 1. Give x(-3).
17
Let n(q) = -q**3 + 2*q**2 + 3*q. Determine n(-3).
36
Let n(t) = -3*t**2 - t - 9. Calculate n(-4).
-53
Let y(z) = z**2 - 8*z + 16. Calculate y(8).
16
Let j(w) = 10*w + 1. What is j(1)?
11
Let g(a) = 6*a**3 + 2*a**2 + 2. Give g(-2).
-38
Let t(f) = 4*f - 13. Calculate t(10).
27
Let d(r) = r**2 + 2*r - 7. Determine d(-5).
8
Let i(g) = -g**3 - g**2 - 3*g - 4. What is i(0)?
-4
Let d(h) = 2*h**2 - 113*h + 223. Calculate d(2).
5
Let y(p) = p**2 - 6*p + 2. Determine y(7).
9
Let j(z) = z**2 + 4*z - 5. Give j(-4).
-5
Let j(t) = t**2 - 7*t - 7. Determine j(8).
1
Let c(v) = 2*v**2 + 8*v - 1. Give c(-9).
89
Let o(c) = -19*c + 78. Determine o(4).
2
Let m(n) = -6*n + 14. What is m(2)?
2
Let k(n) = -n**2 - 22*n + 206. Calculate k(-29).
3
Let q(o) = o**3 - 14*o**2 + 51*o - 317. Calculate q(12).
7
Let w(b) = -b**2 + 5*b + 6. Determine w(7).
-8
Let x(t) = 2*t + 27. Determine x(-17).
-7
Let b(j) = -10*j + 21. Give b(3).
-9
Let p(o) = -o**3 - 6*o**2 - 3*o + 1. What is p(-5)?
-9
Let a(y) = 24*y - 255. What is a(10)?
-15
Let a(p) = p**3 - 4*p**2 + p - 2. Calculate a(2).
-8
Let h(w) = w**2 + w + 26. Determine h(0).
26
Let t(x) = x**3 + 4*x**2 - 5*x + 3. Determine t(-5).
3
Let w(o) = -o**2 + 27*o - 36. What is w(25)?
14
Let i(l) = 2*l - 15. Determine i(6).
-3
Let o(m) = -2*m**2 - m - 1. Calculate o(3).
-22
Let k(d) = -5*d - 4. What is k(-2)?
6
Let n(c) = c**3 + 17*c**2 - 38*c - 8. Determine n(-19).
-8
Let c(i) = -i + 21. What is c(17)?
4
Let x(c) = -c**3 - 4*c**2 + 3*c + 1. Give x(-5).
11
Let o(u) = -u**3 - 4*u**2 - 5*u - 8. Calculate o(-3).
-2
Let w(f) = -f**2 + 4*f - 6. What is w(6)?
-18
Let n(j) = -10*j**2 - 139*j. Calculate n(-14).
-14
Let s(h) = 8*h**2 + 53*h - 17. Determine s(-7).
4
Let x(k) = k**3 - 13*k**2 + 14*k - 54. What is x(12)?
-30
Let w(j) = j**3 - 6*j**2 - 5*j + 1. Determine w(6).
-29
Let y(f) = f - 7. What is y(5)?
-2
Let v(b) = 2*b**2 + 10*b - 10. Give v(-6).
2
Let o(n) = -8*n - 215. Give o(-26).
-7
Let j(v) = -v**3 + 7*v**2 + v + 8. What is j(7)?
15
Let z(v) = 11*v + 77. What is z(-6)?
11
Let i(z) = 37*z - 1. What is i(1)?
36
Let s(a) = a**3 - 3*a + 1. Calculate s(3).
19
Let g(u) = u**3 - 3*u**2 - 5*u + 2. Give g(4).
-2
Let v(t) = 51*t**2 - 98*t + 4. Determine v(2).
12
Let n(y) = -56*y**2 - y - 2. Determine n(-1).
-57
Let z(q) = q**2 + 8*q + 5. Give z(-6).
-7
Let k(d) = d**3 + 14*d**2 + 7*d - 13. What is k(-13)?
65
Let i(q) = q**3 - 6*q**2 - 7*q + 1. What is i(7)?
1
Let f(p) = -p + 10. Determine f(12).
-2
Let q(j) = -2*j + 6. Give q(10).
-14
Let f(p) = -p**3 + 9*p**2 - 3*p - 44. Determine f(8).
-4
Let x(z) = -z**2 + 34*z + 75. Give x(36).
3
Let x(l) = l**3 - l**2 - l + 2. Calculate x(-2).
-8
Let r(f) = 5*f**2 + 54*f - 76. Calculate r(-12).
-4
Let d(a) = -a**3 - 6*a**2 - 8*a - 4. Calculate d(-3).
-7
Let w(j) = 18*j**2 + 161*j - 20. What is w(-9)?
-11
Let d(g) = -g**2 + 7*g + 7. Calculate d(5).
17
Let m(p) = p**3 - 41*p**2 + 36*p + 138. Calculate m(40).
-22
Let g(n) = 12*n**3 - n**2 + n + 1. Determine g(-1).
-13
Let o(q) = -q**2 + 6*q. Determine o(7).
-7
Let q(z) = -z**3 - 3*z**2 - 4. Determine q(-3).
-4
Let c(q) = 2*q + 30. What is c(-11)?
8
Let u(i) = -i**3 - 5*i**2 - 17*i - 138. Give u(-6).
0
Let w(m) = -71*m - 927. What is w(-13)?
-4
Let i(q) = q**3 + 21*q**2 + 18*q - 8. Determine i(-20).
32
Let f(l) = -7*l + 49. What is f(-7)?
98
Let c(o) = 6*o**2 - 31*o + 12. What is c(5)?
7
Let a(j) = -j**2 + 50*j - 527. Calculate a(35).
-2
Let u(f) = -f**2 - 9*f + 3. Determine u(-7).
17
Let q(z) = z**3 - 12*z**2 + 13*z + 6. Calculate q(11).
28
Let y(u) = -u**2 + 6*u + 9. Give y(-7).
-82
Let s(t) = -t**3 - 29*t**2 - 26*t + 58. Give s(-28).
2
Let w(l) = l + 44. Give w(-14).
30
Let n(k) = -k**3 - 6*k**2 + k - 13. Determine n(-6).
-19
Let g(y) = y**3 - 3*y**2 - y + 5. Give g(0).
5
Let q(i) = 4*i - 12. Give q(9).
24
Let q(g) = g**3 - 7*g**2 + 5*g + 5. Calculate q(4).
-23
Let g(w) = 2*w**3 + 7*w**2 + 4*w - 1. Determine g(-4).
-33
Let k(u) = u**3 + 6*u**2 + 7*u + 3. Determine k(-4).
7
Let l(f) = -3*f + 7. Determine l(8).
-17
Let u(g) = -41*g + 185. What is u(5)?
-20
Let l(s) = -8*s**2 - 13*s + 4. Determine l(-6).
-206
Let j(y) = 5*y - 33. Calculate j(10).
17
Let k(z) = z**3 - 11*z**2 + 5*z + 4. Determine k(10).
-46
Let g(c) = -c**3 - 9*c**2 - 6*c + 1. What is g(-8)?
-15
Let j(i) = 3*i**3 - 4*i**2 - 2*i + 9. Calculate j(3).
48
Let i(s) = 10*s - 18. What is i(3)?
12
Let o(p) = -2*p**2 + 23*p - 41. Calculate o(10).
-11
Let q(v) = -v**3 - 4*v**2 - 2*v - 2. What is q(-3)?
-5
Let t(p) = p**3 - 21*p**2 - 19*p - 68. Calculate t(22).
-2
Let n(m) = m**3 + m**2 + m - 1. What is n(-2)?
-7
Let q(y) = 19*y - 60. What is q(4)?
16
Let k(n) = 29*n + 187. Give k(-7).
-16
Let i(c) = 5*c - 8. Determine i(3).
7
Let a(q) = q**2 - 2*q - 6. Determine a(0).
-6
Let x(y) = -y**3 + 6*y**2 + y + 1. Calculate x(6).
7
Let i(j) = -j**3 + 8*j**2 + 9*j - 2. Calculate i(9).
-2
Let o(p) = -6*p - 115. What is o(-14)?
-31
Let f(y) = 125*y + 503. Give f(-4).
3
Let n(u) = -u**3 - 6*u**2 - 19*u - 67. Determine n(-5).
3
Let h(i) = -i**2 - 3. Calculate h(-3).
-12
Let z(v) = -v**3 - 11*v**2 - 14*v - 9. Determine z(-10).
31
Let z(i) = -i**2 + 41*i + 47. Calculate z(42).
5
Let p(h) = h**3 - 3*h**2 - 12*h + 2. Calculate p(-5).
-138
Let u(w) = w + 35. Determine u(-18).
17
Let y(s) = -10*s**2 + 51*s - 3. What is y(5)?
2
Let k(j) = -j**2 - 8*j + 27. Give k(-10).
7
Let u(q) = -8*q**3 + q**2 - 6*q + 6. Determine u(2).
-66
Let l(r) = -r**3 - 12*r**2 - 7*r + 2